1. Let y be n(6). List the prime factors of u(y).
2
Suppose 9*p - p - 368 = 0. What are the prime factors of p?
2, 23
Let g be -1*(4 - -4)/(-2). Suppose -g*j = n - 29, -96 = -3*n - j - 9. List the prime factors of n.
29
Suppose q - 6 = 3*g + 4*q, 0 = -3*q + 6. Let j(b) = -b**3 - 3*b**2 - 2. Let w be j(g). Let o = -7 + w. What are the prime factors of o?
7
Let l = 24 - 9. Let v = 22 - l. What are the prime factors of v?
7
Let g = 63 + -149. What are the prime factors of g/(-6) - (-10)/(-30)?
2, 7
Let t = -45 + 67. What are the prime factors of t?
2, 11
Let b = -16 + 28. What are the prime factors of b?
2, 3
Suppose 0 = 5*k - 342 - 293. What are the prime factors of k?
127
Let t = 88 - 20. What are the prime factors of t?
2, 17
Let w = 5 - -16. Let v be -2 + (0/(-2) - 0). Let x = w + v. List the prime factors of x.
19
Let h be (8/(-20))/((-2)/(-150)). Let o = 1 - h. List the prime factors of o.
31
Let r(o) = -o**2 + 7*o - 1. What are the prime factors of r(4)?
11
Let t(v) = -v**3 + 3*v**2 + 3*v + 9. Let j(c) = 6*c**3 - 16*c**2 - 16*c - 45. Let x(o) = 2*j(o) + 11*t(o). List the prime factors of x(0).
3
Suppose 0 = i - k - 26, 0*i - 2*i - 5*k = -59. List the prime factors of i.
3
Let a(m) = 2*m**2 - 13*m - 1. What are the prime factors of a(7)?
2, 3
Suppose 2*n = 7*n - 260. Suppose 0 = -4*w - 0*w + n. Let q = w + -3. List the prime factors of q.
2, 5
Suppose -12 = -4*l + 3*l + 5*m, 4*l + 2*m = 4. Let o be 0/1 - (-22)/l. Suppose 2*d = -4*q - q + 25, -d + o = q. What are the prime factors of d?
2, 5
Suppose 10 = 4*d - 6. Suppose -5*q + 4*c + 16 = 0, 0 = 2*q - 0*c + d*c - 12. Suppose -q = -5*b + 6. List the prime factors of b.
2
Suppose -n - 50 = -3*q, 4*n = 17 - 1. What are the prime factors of q?
2, 3
Suppose 5*y = -3*t - 6, -2*t = -y + 23 - 6. Let v = 16 + t. Let n = 16 - v. What are the prime factors of n?
7
Suppose -2*n + 29 = -n. Let x = -13 + n. What are the prime factors of x?
2
Let w(k) = k**3 - 3*k**2 - 1. Let t be w(3). Let y be 402/8 + t/4. List the prime factors of (-2)/(-6)*(y + 1).
17
What are the prime factors of 292 - (0 + -1)/(21 - 20)?
293
Suppose -511 = -2*o - 3*t, -3*o + 3*t + t + 809 = 0. List the prime factors of o.
263
Let y(h) = 5*h - 8. Let s(j) = -9*j + 15. Let p(d) = -3*s(d) - 5*y(d). Let t be ((-4)/(-6))/(2/12). What are the prime factors of p(t)?
3
Let u(i) = i**3 + 6*i**2 + 2*i + 7. Let y be u(-4). Suppose -y = 2*f - 7*f - 4*k, f = -5*k + 2. What are the prime factors of f?
7
Let q(h) = 3*h + 320. List the prime factors of q(0).
2, 5
List the prime factors of (-5766)/(-42) - ((-18)/(-14) + -1).
137
Suppose -4*f = -3*f - 4. Suppose 72 = 5*y - 0*l - f*l, 0 = 3*y - 2*l - 42. List the prime factors of y.
2, 3
Suppose -54 = 4*b + 18. Let f = 12 - b. List the prime factors of f.
2, 3, 5
List the prime factors of (-253)/(-4) + 4/(-16).
3, 7
Suppose -2*u - 43 + 121 = 0. List the prime factors of u.
3, 13
What are the prime factors of 93 - ((-2 - -1) + 2 - 0)?
2, 23
What are the prime factors of (71 - -1)*(-24)/(-36)?
2, 3
Suppose 2*f - 368 = 2*c, -2*c + 180 + 200 = 2*f. List the prime factors of f.
11, 17
Let z = 49 + -29. Let a = 7 + z. What are the prime factors of a?
3
Suppose -j + 212 = j - 2*u, 0 = 5*j + 3*u - 530. Let k be j/(-22) + (-8)/44. Let v = k + 13. What are the prime factors of v?
2
Let o = 2 - 2. Suppose -b + 0 + 5 = o. Suppose -b*y = -2*a - 10*y + 35, -5 = -4*a + 3*y. What are the prime factors of a?
5
Let r = -71 + 93. List the prime factors of r.
2, 11
Let a = 7 - 7. Suppose a = 3*r - r - 52. Suppose 10 = 4*n - r. List the prime factors of n.
3
Suppose -7 = u - 2*u. Suppose 2*j - 10 - u = -p, -4*p = -2*j - 28. Let w = p - -7. List the prime factors of w.
2
Suppose 5*c + 200 = 5*p, -2*c - c - 198 = -5*p. Suppose 4*d = 0, 4*d + p = -j + 9*d. Let y = j + 55. List the prime factors of y.
2
Let q(m) = m**2 - 3*m - 6. Let n be q(5). Suppose 3*u - u + 2*p - 18 = 0, 0 = -n*u - 5*p + 33. List the prime factors of u.
2, 3
Let q = -11 - -15. Suppose 0 = -4*v + 4 + q. What are the prime factors of (-3 - v - -1)*-2?
2
Let g(y) = -7*y - 8*y**2 + 7 + y**3 - 2*y**3 + 0*y**2. List the prime factors of g(-7).
7
Let s(c) be the first derivative of -c**4/4 - 2*c**3 + 9*c**2/2 + 8*c - 1. Let x be s(-7). Let y = x - -10. List the prime factors of y.
2
Suppose -309 = -5*s - 2*z, s + 3*s - 237 = -5*z. List the prime factors of s.
3, 7
Let t = -3 + 42. Let p = 76 - t. What are the prime factors of p?
37
Let t(i) be the third derivative of i**5/5 + i**3/6 + 3*i**2. What are the prime factors of t(-1)?
13
Let t(r) be the third derivative of -r**5/60 - r**4/8 + r**3/3 + 2*r**2. Let y be t(-2). Let x = y + 3. What are the prime factors of x?
7
Let l = -51 - -87. List the prime factors of l.
2, 3
Suppose -5*b + 3*o + 32 = 0, -3*b - o = -7 - 1. Suppose 0 = -x - 3 + b. What are the prime factors of 0 + x*(-2 + 11)?
3
Let z be (-3)/(3/((-18)/2)). Let o be (z/6)/((-3)/6). Let l(n) = 2*n**2 + 3*n - 4. List the prime factors of l(o).
5
Let j = 60 + -32. List the prime factors of j.
2, 7
Let r be 2/(-4)*(-5 + -5). Let b(d) = r*d**2 - 5 - 4*d + 2 - 4*d**2. What are the prime factors of b(-2)?
3
Let h(p) be the first derivative of -3*p**4/4 + p**3/6 - 3*p**2/2 + 3. Let x(b) be the second derivative of h(b). List the prime factors of x(-1).
19
Let d(y) = y + 1 - 2 + 0*y + 0*y. Let f(r) = -3*r + 3. Let z(t) = -4*d(t) - f(t). List the prime factors of z(-3).
2
Let a be (-111)/(-6) + 1/(-2). Suppose 4*r = 22 + a. Suppose 0 = 5*x - 10 - r. List the prime factors of x.
2
Suppose 0 = -4*p - 8, -4*a + 9*a + 4*p + 8 = 0. Suppose -3*q + 6*q + 12 = a. What are the prime factors of (8/(-5))/(q/10)?
2
Suppose -84 = -6*v + 300. List the prime factors of v.
2
Let w(m) = -m**3 - 9*m**2 - 9*m - 5. Let k be w(-8). Suppose -3*v + k = -15. Let x = v + -3. What are the prime factors of x?
3
Suppose -k + 3*k + d = 389, 0 = 5*d - 5. List the prime factors of k.
2, 97
What are the prime factors of (-2 - -9)*((9 - -1) + -2)?
2, 7
Let w be (-1)/(((-8)/2)/(-4)). Let l(i) = 9*i**2 - i. What are the prime factors of l(w)?
2, 5
Let x(t) = -2*t**2 - 11*t + 17. Let w be x(-13). List the prime factors of 1/5 + w/(-10).
2, 3
Suppose t + 4*k = 338, -1644 = -5*t - 3*k + 6*k. List the prime factors of t.
2, 3, 5, 11
Suppose 3*g = -w + 4 + 46, -8 = -g + 4*w. What are the prime factors of g?
2
Let d(u) = -u**3 - 10*u**2 + u + 14. Let j be d(-10). What are the prime factors of (j + 0)/(6 + -5)?
2
Suppose 4*p - 2*p = 46. List the prime factors of p.
23
Suppose 2*h = -0*h + 8. Let z be h/10 - (-1465)/25. Suppose 3*g + z = 3*l + g, -g - 55 = -3*l. What are the prime factors of l?
17
Let c(l) = l**3 + 4*l**2 - 5*l + 6. Let x be c(-5). Suppose -2*u = -56 + x. What are the prime factors of u?
5
Suppose 47 = q + 4*a - 5*a, 4*q - 3*a = 190. Suppose x - 5*s + 3*s = q, 0 = 5*x + 4*s - 259. List the prime factors of x.
3, 17
Let i(k) = 3*k**2 - k. Let y be i(1). Suppose -2*g - 24 = 4*z, 4*g = -z - 25 + 5. List the prime factors of (-30)/g - y/(-4).
2
Suppose 5 + 5 = m. List the prime factors of m.
2, 5
Let z be (1 + 0)/(-1 - -2). Let s(g) = 31*g**3 - g**2 - g + 1. List the prime factors of s(z).
2, 3, 5
What are the prime factors of (-4868)/(-16) - (-40)/(-32)?
3, 101
Let s be (-678)/(-9) + (-4)/(-6). Let t = -42 + s. What are the prime factors of t?
2, 17
Suppose -4 = 4*k - 0, -4*k + 40 = 4*h. What are the prime factors of h?
11
Let n = 6 - 23. Let s(q) = 31*q**2 + 2*q - 1. Let d be s(1). Let c = n + d. List the prime factors of c.
3, 5
Let j(u) = u**3 - 10*u**2 + 4. Let g be j(10). Let t(p) = -5*p**2 + g*p**2 + 3*p + 5*p. What are the prime factors of t(7)?
7
Let r(w) = 9*w**2 - w - 7*w**2 + 2 - 2. What are the prime factors of r(-4)?
2, 3
Let d be (-1)/(-2) + 1/2. Let o(w) = 3*w - 1. Let r be o(d). Suppose -1 = -l + a + r, -3*l - 5*a + 33 = 0. List the prime factors of l.
2, 3
Suppose -u + 4 = 1. Suppose 3*t - 61 = -l - l, t = -u*l + 18. List the prime factors of t.
3, 7
Let l(v) be the first derivative of -v**4/4 - 2*v**3 - 3*v**2/2 - 6*v + 3. Suppose 0 = 4*h - 12, 2*w + 27 = -3*w - h. What are the prime factors of l(w)?
2, 3
Suppose -4*t + 2*t - 3*n - 23 = 0, 2*t + 24 = -4*n. What are the prime factors of 83/5 - (-6)/t?
2
Suppose 3*v + 2*k - k - 47 = 0, v - 7 = 4*k. Let b be (v - -3) + 1